 p(57).
-8
Let u(d) = d**2 + 49*d - 6029. Calculate u(-106).
13
Let q(w) = w**2 - 11*w + 25. Calculate q(6).
-5
Let p(k) = -113*k + 128. Determine p(0).
128
Let h(j) = 4*j**3 - 25*j**2 + 13*j - 48. What is h(6)?
-6
Let v(f) = f**3 + f**2 - 380*f + 6. Calculate v(19).
6
Let t(h) = -6*h**2 + 61*h + 229. Give t(-5).
-226
Let f(u) = 25*u - 439. Calculate f(20).
61
Let t(y) = -9*y**2 + 476*y + 55. What is t(53)?
2
Let h(y) = 24*y + 115. Calculate h(-3).
43
Let x(c) = 230*c + 39094. What is x(-170)?
-6
Let u(z) = 365*z - 718. Determine u(2).
12
Let q(g) = 2*g**2 - 260*g + 1494. What is q(6)?
6
Let l(x) = -23*x**2 - 3*x + 1. Give l(1).
-25
Let z(q) = 18*q - 356. What is z(20)?
4
Let l(g) = 11*g**3 + 122*g**2 + g + 18. Determine l(-11).
128
Let z(d) = -19*d + 79. What is z(11)?
-130
Let o(k) = k**3 - 3*k**2 - 13*k + 25. Give o(3).
-14
Let m(u) = 28*u**3 - 560*u**2 - 6*u + 96. Give m(20).
-24
Let n(h) = 69*h + 527. Determine n(-10).
-163
Let f(h) = -h**3 + 10*h - 23. What is f(4)?
-47
Let f(v) = v**3 + 8*v**2 + 8*v + 5. Calculate f(-5).
40
Let l(v) = 82*v - 1971. Give l(24).
-3
Let j(u) = u**3 - 5*u**2 - 64*u + 514. Give j(8).
194
Let j(u) = -31*u + 85. Determine j(-10).
395
Let z(m) = 1503*m - 15028. What is z(10)?
2
Let n(a) = 82*a - 663. Give n(8).
-7
Let h(a) = 7*a**2 + 5*a - 53. Calculate h(-3).
-5
Let f(l) = 3*l**3 - 15*l**2 - 2*l - 2. Determine f(0).
-2
Let s(r) = -r**3 + 20*r**2 - 16*r + 140. What is s(18)?
500
Let u(s) = -s**3 + 80*s**2 - 164*s - 369. Calculate u(78).
-993
Let r(b) = 18*b - 1374. Calculate r(93).
300
Let u(f) = -f**3 + 9*f**2 - 6*f - 25. What is u(8)?
-9
Let d(k) = 738*k - 19977. Determine d(27).
-51
Let d(y) = -3*y**2 + 52*y + 25. What is d(18)?
-11
Let r(l) = 33*l - 188. Determine r(4).
-56
Let x(p) = p**3 + 157*p**2 + 763*p + 468. What is x(-152)?
12
Let o(v) = -13*v + 425. Determine o(28).
61
Let j(b) = b**3 + 23*b**2 - 53*b - 47. Determine j(-25).
28
Let v(g) = -30*g - 158. Determine v(-6).
22
Let t(n) = 27*n**2 - 559*n - 2144. Determine t(24).
-8
Let z(x) = 16*x + 57. Calculate z(-4).
-7
Let k(x) = -11*x**3 - 73*x**2 - 47*x - 6. Give k(-6).
24
Let s(p) = 2*p**3 + 2*p**2 + 14*p + 4. Give s(0).
4
Let h(v) = 280*v + 4476. What is h(-16)?
-4
Let i(n) = -2*n**2 - 411*n + 5218. What is i(12)?
-2
Let u(m) = 25*m**2 + 237*m + 111. Determine u(-9).
3
Let o(u) = -2*u**3 - 3*u**2 + 27*u - 1. Determine o(4).
-69
Let f(j) = -2*j**2 + 66*j + 896. Calculate f(-10).
36
Let x(i) = 64*i - 106. Determine x(-2).
-234
Let z(b) = -b**3 - 50*b**2 - 185*b - 9240. What is z(-50)?
10
Let d(k) = -8*k - 920. Give d(-26).
-712
Let n(y) = -38*y**2 - 173*y - 175. What is n(-1)?
-40
Let z(t) = 4*t**2 + 188*t + 136. What is z(-46)?
-48
Let t(q) = -q**2 - 400*q + 11079. Calculate t(26).
3
Let t(n) = -n**2 + 59*n - 427. Determine t(26).
431
Let o(t) = -268*t - 13145. Give o(-49).
-13
Let i(g) = -g**2 + 37*g - 342. Give i(19).
0
Let o(s) = 3*s - 120. Give o(24).
-48
Let x(i) = 3*i**2 + 2638*i - 7920. Give x(3).
21
Let h(s) = 10*s**2 - 11*s + 205. Give h(0).
205
Let l(v) = -56*v + 1297. Give l(24).
-47
Let s(r) = 673*r + 2685. What is s(-4)?
-7
Let i(g) = -15*g - 1196. What is i(-82)?
34
Let b(j) = 1834*j - 3666. What is b(2)?
2
Let u(n) = 2*n**2 - 2*n + 10. Calculate u(8).
122
Let q(a) = 2*a + 45. Calculate q(-18).
9
Let v(p) = -p**3 - 16*p**2 + 19*p - 10. Determine v(-17).
-44
Let r(a) = a**3 - 9*a**2 + 77*a - 348. Give r(6).
6
Let o(b) = -2314*b + 46308. Determine o(20).
28
Let j(h) = h**3 + 33*h**2 - 86*h - 564. Determine j(-35).
-4
Let t(f) = 137*f + 827. Give t(-6).
5
Let y(x) = 3*x**2 - 35. What is y(5)?
40
Let m(t) = t**3 - 6*t + 23. Give m(-5).
-72
Let y(b) = -3*b - 92. What is y(-20)?
-32
Let z(d) = -d**3 - 24*d**2 - 101*d - 114. Calculate z(-19).
0
Let q(i) = 58*i**2 - 80*i + 16. What is q(1)?
-6
Let k(a) = 27*a - 562. What is k(12)?
-238
Let d(a) = 16*a**2 + 193*a - 9. What is d(0)?
-9
Let g(v) = v**3 + 19*v**2 + 95*v + 142. What is g(-11)?
65
Let j(b) = 228*b**2 + 1399*b + 10. Determine j(-6).
-176
Let f(d) = -16*d - 36. Determine f(-12).
156
Let x(u) = -157*u + 168. Give x(1).
11
Let h(f) = -f**3 - 18*f**2 - 67*f - 13. What is h(-14)?
141
Let c(o) = -3*o**2 + 21*o + 154. What is c(-10)?
-356
Let g(p) = 2*p**2 - 25*p + 124. What is g(5)?
49
Let z(h) = h**2 - 12*h + 36. Calculate z(10).
16
Let j(o) = 36*o - 79. Calculate j(6).
137
Let o(m) = -m**2 - 71*m - 1077. Calculate o(-38).
177
Let f(c) = -2*c**3 + 2*c**2 + 53*c - 7. Calculate f(6).
-49
Let m(u) = -u**3 + 284*u**2 - 310*u + 7630. Give m(283).
-11
Let p(r) = -r**2 - 117*r - 1387. Calculate p(-14).
55
Let m(i) = -2*i**2 + 84*i + 3533. Calculate m(68).
-3
Let x(m) = m**3 - 8*m**2 - 2*m + 24. Determine x(7).
-39
Let x(k) = k**3 + 12*k**2 - 83*k - 882. Calculate x(-14).
-112
Let w(y) = -1069*y - 19247. Give w(-18).
-5
Let r(x) = -2*x**2 + 208*x + 206. Give r(105).
-4
Let v(b) = 1381*b - 16564. Give v(12).
8
Let d(w) = -5*w**2 + 85*w - 84. Determine d(1).
-4
Let z(h) = 268*h + 1861. What is z(-7)?
-15
Let h(f) = f**2 - 79*f + 307. What is h(4)?
7
Let u(m) = m**3 + 10*m**2 + 4*m - 106. Calculate u(-8).
-10
Let o(s) = -4*s**3 + 2*s**2 + 4*s - 6. Determine o(-4).
266
Let a(f) = 2*f**2 + 64*f - 734. Determine a(9).
4
Let r(c) = 21*c**3 - 12*c**2 - 4*c + 3. Calculate r(2).
115
Let x(d) = -34*d + 103. Calculate x(-14).
579
Let h(z) = -63*z + 370. What is h(6)?
-8
Let l(p) = 7950*p - 87463. Determine l(11).
-13
Let c(l) = 3*l**2 + 120*l + 957. Give c(-29).
0
Let p(y) = -8*y - 1008. What is p(-126)?
0
Let m(a) = 1111*a - 3332. Determine m(3).
1
Let o(u) = u**3 - 45*u**2 + 36*u + 2139. Calculate o(43).
-11
Let r(t) = -65*t + 136. Calculate r(2).
6
Let v(f) = -f**2 + 16*f - 28. Calculate v(12).
20
Let q(f) = 18*f**2 - 9*f - 3. Give q(-1).
24
Let q(j) = -2*j**3 - 45*j**2 - 161*j - 6. Determine q(-5).
-76
Let p(j) = -90*j - 994. Give p(-11).
-4
Let d(s) = 3*s**2 - 4*s + 83. Calculate d(7).
202
Let l(b) = 3*b**2 + 216*b - 216. Determine l(-73).
3
Let q(l) = -10*l**2 - 76*l + 895. What is q(10)?
-865
Let t(b) = 9*b**2 + 581*b + 288. Calculate t(-64).
-32
Let b(y) = -37*y + 67. What is b(3)?
-44
Let q(a) = a**3 - 36*a - 87. Determine q(-2).
-23
Let f(l) = -3*l**3 + 2*l**2 + 2*l + 6. What is f(2)?
-6
Let m(g) = -g**2 - 66*g - 760. Calculate m(-15).
5
Let a(m) = 98*m - 240. What is a(3)?
54
Let v(t) = -112*t + 38. What is v(-1)?
150
Let n(b) = 3*b**3 + 14*b**2 + 17*b + 36. Give n(-4).
0
Let j(f) = -f**3 + 11*f**2 + 211*f - 28. Calculate j(21).
-7
Let f(q) = -1260*q - 45358. Calculate f(-36).
2
Let c(v) = -v**2 + 13*v - 1. What is c(12)?
11
Let z(b) = -b**3 - 18*b**2 + 21*b + 50. What is z(-19)?
12
Let v(p) = p**3 + 20*p**2 + 75*p + 2171. What is v(-21)?
155
Let l(w) = 9*w + 391. Determine l(0).
391
Let o(y) = 34*y + 158. Give o(-10).
-182
Let i(k) = -k**3 - 25*k**2 - 11*k + 109. Determine i(-24).
-203
Let y(z) = 11*z + 478. Determine y(-38).
60
Let g(h) = -h**3 + 13*h**2 - 8*h - 270. Give g(10).
-50
Let h(m) = 6*m**2 - 8*m - 265. What is h(-6)?
-1
Let i(m) = -8*m**2 - 119*m - 127. What is i(-13)?
68
Let s(n) = 92*n + 122. Calculate s(-3).
-154
Let z(u) = u**2 + 929*u + 5536. Calculate z(-6).
-2
Let y(s) = -26*s + 643. Determine y(22).
71
Let g(c) = 17976*c - 35949. Calculate g(2).
3
Let z(c) = -9*c + 17. Calculate z(6).
-37
Let c(v) = 2*v**2 - 37*v + 3. Determine c(15).
-102
Let x(p) = -611*p + 33599. What is x(55)?
-6
Let j(w) = -2*w**2 + 3*w + 35. Calculate j(6).
-19
Let m(t) = 24*t - 1459. Give m(66).
125
Let r(c) = -c**2 - 751*c + 5291. Calculate r(7).
-15
Let v(h) = -2*h**3 + 2*h**2 + 66*h - 33. Determine v(6).
3
Let u(n) = 122*n + 22800. What is u(-187)?
-14
Let y(c) = 2*c**2 + 119*c + 1329. What is y(-15)?
-6
Let g(x) = 476*x + 2864. Calculate g(-6).
8
Let x(r) = r**2 + 71*r + 232. Give x(-4).
-36
Let c(k) = 106*k + 1989. Give c(-19).
-25
Let u(y) = y**2 + 37*y + 281. Determine u(-23).
-41
Let m(h) = 172*h + 3102. What is m(-18)?
6
Let z(q) = -2*q**2 - 23*q - 71. Determine z(-6).
-5
Let o(w) = -2*w**3 + 12*w**2 - 12*w - 18. What is o(4)?
-2
Let z(b) = -25*b + 143. Calculate z(6).
-7
Let b(u) = 4*u**2 - 17*u + 27. What is b(5)?
42
Let u(f) = 3*f**2 - 51*f + 64. Give u(13).
-92
Let g(b) = -b**2 + 36*b + 148. Determine g(-4).
-12
Let f(t) = 272*t + 555. Determine f(-2).
11
Let m(l) = 2*l**2 - 375*l - 15